{"id":34,"date":"2020-01-01T17:52:02","date_gmt":"2020-01-01T16:52:02","guid":{"rendered":"http:\/\/projekt-augenzeugen.de\/?page_id=34"},"modified":"2020-11-21T18:54:01","modified_gmt":"2020-11-21T17:54:01","slug":"herzlich-willkommen","status":"publish","type":"page","link":"http:\/\/projekt-augenzeugen.de\/","title":{"rendered":"Herzlich Willkommen"},"content":{"rendered":"\n<p>Hallo! Sie sind auf der Seite des &#8222;Projekt Augenzeugen&#8220; aus der Gemeinde Sibbesse (Niedersachsen) gelandet. Wenn Sie mehr \u00fcber das Projekt erfahren wollen, klicken Sie oben rechts auf <a href=\"http:\/\/projekt-augenzeugen.de\/?page_id=2\">\u00dcber das Projekt<\/a>.  Wenn Sie Interviews anh\u00f6ren wollen, klicken Sie auf <a href=\"http:\/\/projekt-augenzeugen.de\/?cat=18\" data-type=\"URL\" data-id=\"http:\/\/projekt-augenzeugen.de\/?cat=18\">Interviews <\/a>und wenn Sie Kontakt zu uns aufnehmen wollen, finden Sie alle Informationen dazu unter <a href=\"http:\/\/projekt-augenzeugen.de\/?page_id=8\">Impressum<\/a>. <\/p>\n\n\n\n<p>Viel Spa\u00df auf unsere Seite w\u00fcnscht das Projektteam Augenzeugen<\/p>\n\n\n\n<p>Am 16.02.2020 fand unsere Auftaktveranstaltung statt. Einen Bericht finden Sie <a href=\"http:\/\/projekt-augenzeugen.de\/?p=61\">hier<\/a>.<\/p>\n\n\n\n<figure class=\"wp-block-image size-large is-resized is-style-default\"><img loading=\"lazy\" decoding=\"async\" src=\"http:\/\/projekt-augenzeugen.de\/wp-content\/uploads\/2020\/01\/Projekt-Augenzeugen-Header-1-1024x683.jpg\" alt=\"\" class=\"wp-image-50\" width=\"580\" height=\"386\" srcset=\"http:\/\/projekt-augenzeugen.de\/wp-content\/uploads\/2020\/01\/Projekt-Augenzeugen-Header-1-1024x683.jpg 1024w, http:\/\/projekt-augenzeugen.de\/wp-content\/uploads\/2020\/01\/Projekt-Augenzeugen-Header-1-300x200.jpg 300w, http:\/\/projekt-augenzeugen.de\/wp-content\/uploads\/2020\/01\/Projekt-Augenzeugen-Header-1-768x512.jpg 768w, http:\/\/projekt-augenzeugen.de\/wp-content\/uploads\/2020\/01\/Projekt-Augenzeugen-Header-1-1536x1024.jpg 1536w, http:\/\/projekt-augenzeugen.de\/wp-content\/uploads\/2020\/01\/Projekt-Augenzeugen-Header-1-2048x1365.jpg 2048w, http:\/\/projekt-augenzeugen.de\/wp-content\/uploads\/2020\/01\/Projekt-Augenzeugen-Header-1-772x515.jpg 772w, http:\/\/projekt-augenzeugen.de\/wp-content\/uploads\/2020\/01\/Projekt-Augenzeugen-Header-1-1230x820.jpg 1230w, http:\/\/projekt-augenzeugen.de\/wp-content\/uploads\/2020\/01\/Projekt-Augenzeugen-Header-1-288x192.jpg 288w\" sizes=\"auto, (max-width: 580px) 100vw, 580px\" \/><\/figure>\n\n\n\n<p><em>Foto: Stefan Hartmann<\/em><\/p>\n\n\n\n<figure class=\"wp-block-image size-large\"><img loading=\"lazy\" decoding=\"async\" width=\"568\" height=\"133\" src=\"http:\/\/projekt-augenzeugen.de\/wp-content\/uploads\/2019\/12\/Zeichenfl\u00e4che-4.png\" alt=\"\" class=\"wp-image-24\" srcset=\"http:\/\/projekt-augenzeugen.de\/wp-content\/uploads\/2019\/12\/Zeichenfl\u00e4che-4.png 568w, http:\/\/projekt-augenzeugen.de\/wp-content\/uploads\/2019\/12\/Zeichenfl\u00e4che-4-300x70.png 300w\" sizes=\"auto, (max-width: 568px) 100vw, 568px\" \/><\/figure>\n","protected":false},"excerpt":{"rendered":"<p>Hallo! Sie sind auf der Seite des &#8222;Projekt Augenzeugen&#8220; aus der Gemeinde Sibbesse (Niedersachsen) gelandet. Wenn Sie mehr \u00fcber das Projekt erfahren wollen, klicken Sie oben rechts auf \u00dcber das Projekt. Wenn Sie Interviews anh\u00f6ren wollen, klicken Sie auf Interviews und wenn Sie Kontakt zu uns aufnehmen wollen, finden Sie alle Informationen dazu unter Impressum. &hellip; <a href=\"http:\/\/projekt-augenzeugen.de\/\" class=\"more-link\"><span class=\"screen-reader-text\">Herzlich Willkommen<\/span> weiterlesen<\/a><\/p>\n","protected":false},"author":2,"featured_media":0,"parent":0,"menu_order":0,"comment_status":"closed","ping_status":"closed","template":"","meta":{"footnotes":""},"class_list":["post-34","page","type-page","status-publish","hentry"],"_links":{"self":[{"href":"http:\/\/projekt-augenzeugen.de\/index.php?rest_route=\/wp\/v2\/pages\/34","targetHints":{"allow":["GET"]}}],"collection":[{"href":"http:\/\/projekt-augenzeugen.de\/index.php?rest_route=\/wp\/v2\/pages"}],"about":[{"href":"http:\/\/projekt-augenzeugen.de\/index.php?rest_route=\/wp\/v2\/types\/page"}],"author":[{"embeddable":true,"href":"http:\/\/projekt-augenzeugen.de\/index.php?rest_route=\/wp\/v2\/users\/2"}],"replies":[{"embeddable":true,"href":"http:\/\/projekt-augenzeugen.de\/index.php?rest_route=%2Fwp%2Fv2%2Fcomments&post=34"}],"version-history":[{"count":13,"href":"http:\/\/projekt-augenzeugen.de\/index.php?rest_route=\/wp\/v2\/pages\/34\/revisions"}],"predecessor-version":[{"id":102,"href":"http:\/\/projekt-augenzeugen.de\/index.php?rest_route=\/wp\/v2\/pages\/34\/revisions\/102"}],"wp:attachment":[{"href":"http:\/\/projekt-augenzeugen.de\/index.php?rest_route=%2Fwp%2Fv2%2Fmedia&parent=34"}],"curies":[{"name":"wp","href":"https:\/\/api.w.org\/{rel}","templated":true}]}}

<p>Hallo! Sie sind auf der Seite des &#8222;Projekt Augenzeugen&#8220; aus der Gemeinde Sibbesse (Niedersachsen) gelandet. Wenn Sie mehr über das Projekt erfahren wollen, klicken Sie oben rechts auf <a href="http://projekt-augenzeugen.de/?page_id=2">Über das Projekt</a>.  Wenn Sie Interviews anhören wollen, klicken Sie auf <a href="http://projekt-augenzeugen.de/?cat=18" data-type="URL" data-id="http://projekt-augenzeugen.de/?cat=18">Interviews </a>und wenn Sie Kontakt zu uns aufnehmen wollen, finden Sie alle Informationen dazu unter <a href="http://projekt-augenzeugen.de/?page_id=8">Impressum</a>. </p>



<p>Viel Spaß auf unsere Seite wünscht das Projektteam Augenzeugen</p>



<p>Am 16.02.2020 fand unsere Auftaktveranstaltung statt. Einen Bericht finden Sie <a href="http://projekt-augenzeugen.de/?p=61">hier</a>.</p>



<figure class="wp-block-image size-large is-resized is-style-default"><img loading="lazy" decoding="async" src="http://projekt-augenzeugen.de/wp-content/uploads/2020/01/Projekt-Augenzeugen-Header-1-1024x683.jpg" alt="" class="wp-image-50" width="580" height="386" srcset="http://projekt-augenzeugen.de/wp-content/uploads/2020/01/Projekt-Augenzeugen-Header-1-1024x683.jpg 1024w, http://projekt-augenzeugen.de/wp-content/uploads/2020/01/Projekt-Augenzeugen-Header-1-300x200.jpg 300w, http://projekt-augenzeugen.de/wp-content/uploads/2020/01/Projekt-Augenzeugen-Header-1-768x512.jpg 768w, http://projekt-augenzeugen.de/wp-content/uploads/2020/01/Projekt-Augenzeugen-Header-1-1536x1024.jpg 1536w, http://projekt-augenzeugen.de/wp-content/uploads/2020/01/Projekt-Augenzeugen-Header-1-2048x1365.jpg 2048w, http://projekt-augenzeugen.de/wp-content/uploads/2020/01/Projekt-Augenzeugen-Header-1-772x515.jpg 772w, http://projekt-augenzeugen.de/wp-content/uploads/2020/01/Projekt-Augenzeugen-Header-1-1230x820.jpg 1230w, http://projekt-augenzeugen.de/wp-content/uploads/2020/01/Projekt-Augenzeugen-Header-1-288x192.jpg 288w" sizes="auto, (max-width: 580px) 100vw, 580px" /></figure>



<p><em>Foto: Stefan Hartmann</em></p>



<figure class="wp-block-image size-large"><img loading="lazy" decoding="async" width="568" height="133" src="http://projekt-augenzeugen.de/wp-content/uploads/2019/12/Zeichenfläche-4.png" alt="" class="wp-image-24" srcset="http://projekt-augenzeugen.de/wp-content/uploads/2019/12/Zeichenfläche-4.png 568w, http://projekt-augenzeugen.de/wp-content/uploads/2019/12/Zeichenfläche-4-300x70.png 300w" sizes="auto, (max-width: 568px) 100vw, 568px" /></figure>

<p>Hallo! Sie sind auf der Seite des &#8222;Projekt Augenzeugen&#8220; aus der Gemeinde Sibbesse (Niedersachsen) gelandet. Wenn Sie mehr über das Projekt erfahren wollen, klicken Sie oben rechts auf Über das Projekt. Wenn Sie Interviews anhören wollen, klicken Sie auf Interviews und wenn Sie Kontakt zu uns aufnehmen wollen, finden Sie alle Informationen dazu unter Impressum. &hellip; <a href="http://projekt-augenzeugen.de/" class="more-link"><span class="screen-reader-text">Herzlich Willkommen</span> weiterlesen</a></p>
